{"id":111,"date":"2022-09-08T00:04:34","date_gmt":"2022-09-08T00:04:34","guid":{"rendered":"https:\/\/asoavanzar.org.co\/?page_id=111"},"modified":"2022-09-08T01:29:57","modified_gmt":"2022-09-08T01:29:57","slug":"quienes-somos","status":"publish","type":"page","link":"https:\/\/asoavanzar.org.co\/index.php\/quienes-somos\/","title":{"rendered":"QUI\u00c9NES SOMOS"},"content":{"rendered":"\t\t<div data-elementor-type=\"wp-page\" data-elementor-id=\"111\" class=\"elementor elementor-111\" data-elementor-post-type=\"page\">\n\t\t\t\t\t\t<section class=\"elementor-section elementor-top-section elementor-element elementor-element-1cec298f elementor-section-boxed elementor-section-height-default elementor-section-height-default\" data-id=\"1cec298f\" data-element_type=\"section\">\n\t\t\t\t\t\t<div class=\"elementor-container elementor-column-gap-default\">\n\t\t\t\t\t<div class=\"elementor-column elementor-col-100 elementor-top-column elementor-element elementor-element-5a733484\" data-id=\"5a733484\" data-element_type=\"column\">\n\t\t\t<div class=\"elementor-widget-wrap elementor-element-populated\">\n\t\t\t\t\t\t<div class=\"elementor-element elementor-element-ccd5f16 elementor-widget elementor-widget-heading\" data-id=\"ccd5f16\" data-element_type=\"widget\" data-widget_type=\"heading.default\">\n\t\t\t\t<div class=\"elementor-widget-container\">\n\t\t\t\t\t<h2 class=\"elementor-heading-title elementor-size-default\">\u00bfQUI\u00c9NES SOMOS?<\/h2>\t\t\t\t<\/div>\n\t\t\t\t<\/div>\n\t\t\t\t<div class=\"elementor-element elementor-element-1a270bb4 elementor-widget elementor-widget-text-editor\" data-id=\"1a270bb4\" data-element_type=\"widget\" data-widget_type=\"text-editor.default\">\n\t\t\t\t<div class=\"elementor-widget-container\">\n\t\t\t\t\t\t\t\t\t\n<p>\u00abASOAVANZAR\u00bb es una organizaci\u00f3n de derecho privado, sin \u00e1nimo de lucro, legalmente constituida en la c\u00e1mara de comercio del Choc\u00f3 que nace el barrio San Jos\u00e9 de la ciudad de Quibd\u00f3 Departamento del Choc\u00f3, desde el a\u00f1o 2006 con el objetivo de mejorar la condici\u00f3n de vida de los ni\u00f1os, ni\u00f1as, j\u00f3venes, adolescentes, adultos mayores, personas en situaci\u00f3n de discapacidad, desplazados por diferentes tipo de violencia, a trav\u00e9s de la formulaci\u00f3n y ejecuci\u00f3n de planes, programas, proyectos y propuestas de inter\u00e9s social, sin distingo de raza, sexo o creencias religiosas.<\/p>\n\n\n\n<p><\/p>\n\t\t\t\t\t\t\t\t<\/div>\n\t\t\t\t<\/div>\n\t\t\t\t\t<\/div>\n\t\t<\/div>\n\t\t\t\t\t<\/div>\n\t\t<\/section>\n\t\t\t\t<section class=\"elementor-section elementor-top-section elementor-element elementor-element-2d8f338 elementor-section-boxed elementor-section-height-default elementor-section-height-default\" data-id=\"2d8f338\" data-element_type=\"section\">\n\t\t\t\t\t\t<div class=\"elementor-container elementor-column-gap-default\">\n\t\t\t\t\t<div class=\"elementor-column elementor-col-50 elementor-top-column elementor-element elementor-element-37fa932\" data-id=\"37fa932\" data-element_type=\"column\">\n\t\t\t<div class=\"elementor-widget-wrap elementor-element-populated\">\n\t\t\t\t\t\t<div class=\"elementor-element elementor-element-2725249 elementor-widget elementor-widget-heading\" data-id=\"2725249\" data-element_type=\"widget\" data-widget_type=\"heading.default\">\n\t\t\t\t<div class=\"elementor-widget-container\">\n\t\t\t\t\t<h2 class=\"elementor-heading-title elementor-size-default\">MISI\u00d3N.<\/h2>\t\t\t\t<\/div>\n\t\t\t\t<\/div>\n\t\t\t\t<div class=\"elementor-element elementor-element-928ce4b elementor-widget elementor-widget-text-editor\" data-id=\"928ce4b\" data-element_type=\"widget\" data-widget_type=\"text-editor.default\">\n\t\t\t\t<div class=\"elementor-widget-container\">\n\t\t\t\t\t\t\t\t\t<p>Contribuir al desarrollo y bienestar familiar de los asociados, sus beneficiarios y p\u00fablico en general, mediante la ejecuci\u00f3n de acciones que generen crecimiento, desarrollo socioecon\u00f3mico, prestaci\u00f3n de servicios y le elaboraci\u00f3n de productos de calidad, generando seguridad y confianza en las instituciones p\u00fablicas y privadas; nos apoyamos internamente en equipos interdisciplinario de colaboradores altamente calificados y comprometidos con nuestra causa.<\/p>\t\t\t\t\t\t\t\t<\/div>\n\t\t\t\t<\/div>\n\t\t\t\t\t<\/div>\n\t\t<\/div>\n\t\t\t\t<div class=\"elementor-column elementor-col-50 elementor-top-column elementor-element elementor-element-efff97e\" data-id=\"efff97e\" data-element_type=\"column\">\n\t\t\t<div class=\"elementor-widget-wrap elementor-element-populated\">\n\t\t\t\t\t\t<div class=\"elementor-element elementor-element-9c64771 elementor-widget elementor-widget-heading\" data-id=\"9c64771\" data-element_type=\"widget\" data-widget_type=\"heading.default\">\n\t\t\t\t<div class=\"elementor-widget-container\">\n\t\t\t\t\t<h2 class=\"elementor-heading-title elementor-size-default\">VISI\u00d3N.<\/h2>\t\t\t\t<\/div>\n\t\t\t\t<\/div>\n\t\t\t\t<div class=\"elementor-element elementor-element-288a6cb elementor-widget elementor-widget-text-editor\" data-id=\"288a6cb\" data-element_type=\"widget\" data-widget_type=\"text-editor.default\">\n\t\t\t\t<div class=\"elementor-widget-container\">\n\t\t\t\t\t\t\t\t\t<p>\u00abASOAVANZAR\u00bb, para el 2025 se propone ser una empresa consolidada, l\u00edder en la generaci\u00f3n de bienestar social, empleo para los asociados, sus familias y el p\u00fablico en general, para mejorar sus condiciones de vida, por medio de la utilizaci\u00f3n de t\u00e9cnicas y herramientas de gesti\u00f3n.<\/p>\n<p>.<\/p>\t\t\t\t\t\t\t\t<\/div>\n\t\t\t\t<\/div>\n\t\t\t\t\t<\/div>\n\t\t<\/div>\n\t\t\t\t\t<\/div>\n\t\t<\/section>\n\t\t\t\t<section class=\"elementor-section elementor-top-section elementor-element elementor-element-33111cc elementor-section-boxed elementor-section-height-default elementor-section-height-default\" data-id=\"33111cc\" data-element_type=\"section\">\n\t\t\t\t\t\t<div class=\"elementor-container elementor-column-gap-default\">\n\t\t\t\t\t<div class=\"elementor-column elementor-col-100 elementor-top-column elementor-element elementor-element-9a08e48\" data-id=\"9a08e48\" data-element_type=\"column\">\n\t\t\t<div class=\"elementor-widget-wrap elementor-element-populated\">\n\t\t\t\t\t\t<div class=\"elementor-element elementor-element-1168b32 elementor-widget elementor-widget-text-editor\" data-id=\"1168b32\" data-element_type=\"widget\" data-widget_type=\"text-editor.default\">\n\t\t\t\t<div class=\"elementor-widget-container\">\n\t\t\t\t\t\t\t\t\t<p>Las dificultades sociales, las tragedias y la muerte han llevado al hombre a asociarse, a solidarizarse con el otro, a ayudarse mutuamente. Por esa raz\u00f3n desde anta\u00f1o, en los campos los agricultores y la gente del com\u00fan se unieron para ayudarse y salir adelante; esta organizaci\u00f3n es el antecedente hist\u00f3rico m\u00e1s antiguo que se tiene del mutualismo y de las diferentes formas de econom\u00eda solidaria que luego ide\u00f3 la humanidad.<\/p>\n<p>En la antigua Grecia los artesanos se agruparon con el fin de prestarse servicios de tipo econ\u00f3mico, social, religioso, dentro de los cuales se inclu\u00edan los funerarios y los seguros. En Roma, surgieron los \u201cColegios o Fraternidades\u201d con car\u00e1cter religioso, que defend\u00edan los intereses de las viudas de los mercenarios, que mor\u00edan en las guerras.<\/p>\n<p>Tambi\u00e9n en Roma se conformaron organizaciones cuyos fines eran los de prestar ayuda a los afiliados, ante riesgos de enfermedad y muerte. Grupos que se reg\u00edan por estatutos y ordenanzas en los cuales se establec\u00eda el r\u00e9gimen y el gobierno, especific\u00e1ndose cargos similares a los que hoy conocemos como de presidente, tesorero y otros. Se estipulaba que, si por alg\u00fan motivo se disolv\u00eda la organizaci\u00f3n, los bienes que tuvieran pasaban al Estado y no pod\u00edan ser distribuidos entre los afiliados, siendo esto el antecedente de lo que hoy se conoce como organizaci\u00f3n sin \u00e1nimo de lucro.<\/p>\t\t\t\t\t\t\t\t<\/div>\n\t\t\t\t<\/div>\n\t\t\t\t\t<\/div>\n\t\t<\/div>\n\t\t\t\t\t<\/div>\n\t\t<\/section>\n\t\t\t\t<\/div>\n\t\t","protected":false},"excerpt":{"rendered":"<p>\u00bfQUI\u00c9NES SOMOS? \u00abASOAVANZAR\u00bb es una organizaci\u00f3n de derecho privado, sin \u00e1nimo de lucro, legalmente constituida en la c\u00e1mara de comercio del Choc\u00f3 que nace el barrio San Jos\u00e9 de la ciudad de Quibd\u00f3 Departamento del Choc\u00f3, desde el a\u00f1o 2006 con el objetivo de mejorar la condici\u00f3n de vida de los ni\u00f1os, ni\u00f1as, j\u00f3venes, adolescentes, [&hellip;]<\/p>\n","protected":false},"author":1,"featured_media":0,"parent":0,"menu_order":0,"comment_status":"closed","ping_status":"closed","template":"","meta":{"footnotes":""},"class_list":["post-111","page","type-page","status-publish","hentry"],"_links":{"self":[{"href":"https:\/\/asoavanzar.org.co\/index.php\/wp-json\/wp\/v2\/pages\/111","targetHints":{"allow":["GET"]}}],"collection":[{"href":"https:\/\/asoavanzar.org.co\/index.php\/wp-json\/wp\/v2\/pages"}],"about":[{"href":"https:\/\/asoavanzar.org.co\/index.php\/wp-json\/wp\/v2\/types\/page"}],"author":[{"embeddable":true,"href":"https:\/\/asoavanzar.org.co\/index.php\/wp-json\/wp\/v2\/users\/1"}],"replies":[{"embeddable":true,"href":"https:\/\/asoavanzar.org.co\/index.php\/wp-json\/wp\/v2\/comments?post=111"}],"version-history":[{"count":15,"href":"https:\/\/asoavanzar.org.co\/index.php\/wp-json\/wp\/v2\/pages\/111\/revisions"}],"predecessor-version":[{"id":138,"href":"https:\/\/asoavanzar.org.co\/index.php\/wp-json\/wp\/v2\/pages\/111\/revisions\/138"}],"wp:attachment":[{"href":"https:\/\/asoavanzar.org.co\/index.php\/wp-json\/wp\/v2\/media?parent=111"}],"curies":[{"name":"wp","href":"https:\/\/api.w.org\/{rel}","templated":true}]}}